base 3.
-11
Convert 8 (base 15) to base 9.
8
9d (base 14) to base 6
351
c8 (base 15) to base 13
116
-1111 (base 2) to base 13
-12
Convert -22 (base 16) to base 14.
-26
What is -81 (base 15) in base 3?
-11111
30 (base 12) to base 5
121
What is 113 (base 4) in base 11?
21
What is -36 (base 12) in base 14?
-30
2 (base 11) to base 14
2
What is 8 (base 14) in base 12?
8
What is -b (base 12) in base 6?
-15
-23 (base 15) to base 9
-36
11 (base 9) to base 2
1010
What is 111 (base 6) in base 3?
1121
What is -12010 (base 3) in base 13?
-a8
What is 0 (base 11) in base 16?
0
Convert -31 (base 11) to base 10.
-34
What is 81 (base 11) in base 5?
324
Convert 220 (base 3) to base 10.
24
Convert -1c (base 15) to base 6.
-43
What is 20 (base 7) in base 14?
10
What is -127 (base 11) in base 5?
-1100
Convert 5 (base 7) to base 8.
5
17 (base 12) to base 2
10011
3 (base 15) to base 4
3
What is -3 (base 9) in base 14?
-3
What is -e9 (base 16) in base 9?
-278
Convert 4e (base 16) to base 6.
210
1031 (base 6) to base 11
1a4
-5 (base 12) to base 4
-11
Convert -2 (base 11) to base 7.
-2
Convert -21 (base 10) to base 16.
-15
-2 (base 10) to base 5
-2
322 (base 5) to base 14
63
Convert -10 (base 3) to base 5.
-3
What is 6 (base 10) in base 14?
6
Convert -240 (base 9) to base 15.
-d3
What is -3 (base 9) in base 16?
-3
10 (base 4) to base 9
4
Convert 3 (base 14) to base 7.
3
79 (base 15) to base 4
1302
-57 (base 11) to base 7
-116
What is 50 (base 9) in base 4?
231
What is -2d (base 16) in base 9?
-50
Convert 1 (base 8) to base 11.
1
4 (base 6) to base 12
4
What is 3 (base 4) in base 2?
11
10 (base 16) to base 2
10000
10 (base 16) to base 3
121
-200 (base 3) to base 4
-102
What is -4 (base 7) in base 9?
-4
2 (base 10) to base 14
2
Convert 60 (base 12) to base 4.
1020
-6 (base 14) to base 13
-6
What is 1ba (base 12) in base 11?
240
1042 (base 6) to base 12
182
Convert 46 (base 11) to base 6.
122
What is 1 (base 7) in base 9?
1
Convert -3 (base 15) to base 2.
-11
What is 3 (base 7) in base 4?
3
-34 (base 11) to base 2
-100101
11 (base 13) to base 4
32
-253 (base 7) to base 9
-161
Convert 11 (base 2) to base 12.
3
What is -3 (base 14) in base 10?
-3
-6 (base 7) to base 8
-6
What is -3 (base 7) in base 15?
-3
Convert -25 (base 10) to base 9.
-27
2 (base 4) to base 5
2
What is 12211 (base 3) in base 16?
9d
What is 1 (base 10) in base 14?
1
What is -8 (base 15) in base 10?
-8
What is 0 (base 7) in base 13?
0
What is -3 (base 6) in base 15?
-3
Convert -131 (base 5) to base 14.
-2d
What is 0 (base 11) in base 5?
0
What is -a (base 11) in base 13?
-a
What is 2210 (base 3) in base 2?
1001011
-44 (base 6) to base 12
-24
What is 0 (base 16) in base 9?
0
What is 24 (base 16) in base 15?
26
Convert 59 (base 13) to base 5.
244
3 (base 13) to base 14
3
20 (base 3) to base 11
6
Convert -2 (base 10) to base 14.
-2
What is -152 (base 10) in base 2?
-10011000
Convert -11 (base 2) to base 11.
-3
-63 (base 8) to base 14
-39
Convert -4 (base 8) to base 16.
-4
1a (base 14) to base 15
19
What is -1d3 (base 14) in base 12?
-279
What is 1331 (base 4) in base 7?
236
Convert -1 (base 2) to base 6.
-1
What is 116 (base 12) in base 14?
b8
Convert 0 (base 13) to base 5.
0
Convert 1 (base 5) to base 11.
1
What is 7 (base 14) in base 3?
21
What is 2 (base 4) in base 10?
2
-6 (base 16) to base 13
-6
Convert 100101101 (base 2) to base 6.
1221
What is 3 (base 4) in base 13?
3
What is 6 (base 11) in base 15?
6
Convert -8 (base 16) to base 3.
-22
What is -1001100 (base 2) in base 12?
-64
72 (base 14) to base 5
400
Convert 97 (base 12) to base 6.
311
What is -2 (base 6) in base 12?
-2
What is 3 (base 13) in base 9?
3
What is -20 (base 5) in base 12?
-a
What is 2320 (base 4) in base 2?
10111000
What is -3 (base 6) in base 10?
-3
What is 1010 (base 2) in base 3?
101
Convert 300 (base 6) to base 8.
154
What is -4c (base 16) in base 13?
-5b
What is a (base 16) in base 10?
10
-4 (base 14) to base 12
-4
Convert 111 (base 4) to base 8.
25
4 (base 10) to base 12
4
33 (base 11) to base 9
40
Convert -3 (base 8) to base 14.
-3
Convert -10 (base 2) to base 5.
-2
What is 12 (base 10) in base 2?
1100
Convert -81 (base 11) to base 8.
-131
4 (base 15) to base 5
4
-112 (base 3) to base 8
-16
What is 44 (base 10) in base 5?
134
Convert 15 (base 6) to base 7.
14
Convert -222 (base 4) to base 2.
-101010
What is 99 (base 10) in base 8?
143
-16 (base 10) to base 13
-13
What is -244 (base 5) in base 9?
-82
10 (base 3) to base 8
3
9e (base 15) to base 6
405
Convert 5 (base 7) to base 11.
5
Convert -2002 (base 3) to base 5.
-211
Convert -25 (base 7) to base 8.
-23
What is 39 (base 10) in base 6?
103
-7 (base 16) to base 14
-7
-b (base 14) to base 8
-13
Convert 5 (base 8) to base 6.
5
12 (base 11) to base 3
111
What is -b3 (base 16) in base 11?
-153
Convert -11010110 (base 2) to base 12.
-15a
What is -3 (base 15) in base 14?
-3
Convert 10010010 (base 2) to base 10.
146
Convert 7 (base 11) to base 7.
10
-14 (base 15) to base 7
-25
-2212 (base 3) to base 2
-1001101
5 (base 15) to base 9
5
Convert 101100101 (base 2) to base 3.
111020
3 (base 15) to base 10
3
-10 (base 7) to base 4
-13
What is -76 (base 10) in base 3?
-2211
What is -11011 (base 2) in base 10?
-27
Convert 10 (base 2) to base 5.
2
0 (base 15) to base 12
0
What is -2 (base 15) in base 11?
-2
14 (base 9) to base 12
11
What is -1 (base 8) in base 14?
-1
Convert e (base 15) to base 11.
13
-a (base 12) to base 11
-a
6 (base 9) to base 2
110
-11 (base 7) to base 12
-8
Convert 10c (base 13) to base 12.
131
Convert 34 (base 5) to base 3.
201
Convert 133 (base 7) to base 6.
201
-24 (base 5) to base 9
-15
Convert -111110 (base 2) to base 4.
-332
What is 1 (base 11) in base 3?
1
3 (base 5) to base 2
11
What is -18 (base 10) in base 13?
-15
What is -12 (base 14) in base 10?
-16
What is -8 (base 13) in base 8?
-10
-52 (base 10) to base 4
-310
What is -ae (base 16) in base 12?
-126
86 (base 9) to base 14
58
Convert -64 (base 9) to base 16.
-3a
Convert 2022 (base 3) to base 9.
68
Convert -17 (base 16) to base 9.
-25
-100 (base 4) to base 9
-17
-101100 (base 2) to base 3
-1122
Convert 0 (base 6) to base 5.
0
Convert -2 (base 4) to base 10.
-2
What is -110101 (base 2) in base 10?
-53
Convert -c (base 14) to base 9.
-13
100011 (base 2) to base 8
43
-105 (base 9) to base 12
-72
2 (base 15) to base 13
2
3 (base 12) to base 16
3
Convert -3 (base 14) to base 9.
-3
Convert -2 (base 4) to base 5.
-2
Convert -10 (base 13) to base 11.
-12
1 (base 4) to base 10
1
223 (base 8) to base 5
1042
What is -18 (base 14) in base 2?
-10110
20001 (base 3) to base 8
243
1 (base 4) to base 5
1
Convert -111 (base 7) to base 13.
-45
Convert b2 (base 16) to base 7.
343
What is 7 (base 11) in base 15?
7
-6 (base 12) to base 4
-12
-1 (base 12) to base 10
-1
-1 (base 5) to base 16
-1
What is -5 (base 8) in base 12?
-5
What is -1030 (base 4) in base 15?
-51
-151 (base 6) to base 14
-4b
2 (base 13) to base 5
2
What is a8 (base 13) in base 9?
163
b (base 12) to base 6
15
What is -3 (base 6) in base 5?
-3
-45 (base 11) to base 7
-100
13 (base 7) to base 4
22
What is -9 (base 10) in base 7?
-12
27 (base 16) to base 10
39
2140 (base 5) to base 16
127
What is -100 (base 4) in base 8?
-20
What is -18 (base 11) in base 7?
-25
Convert 16 (base 16) to base 9.
24
-1 (base 11) to base 4
-1
What is 10 (base 9) in base 13?
9
What is -14 (base 7) in base 10?
-11
Convert -5 (base 10) to base 11.
-5
What is 212 (base 3) in base 8?
27
What is -2a (base 14) in base 7?
-53
Convert -35 (base 7) to base 16.
-1a
What is 3 (base 7) in base 9?
3
What is -34 (base 7) in base 5?
-100
What is -60 (base 8) in base 5?
-143
2 (base 15) to base 7
2
Convert -510 (base 8) to base 10.
-328
-1012 (base 4) to base 8
-106
-111 (base 2) to base 7
-10
What is -1 (base 16) in base 14?
-1
-10 (base 14) to base 11
-13
What is 0 (base 5) in base 4?
0
Convert -75 (base 9) to base 2.
-1000100
-2 (base 4) to base 14
-2
What is 1a (base 11) in base 8?
25
What is -95 (base 16) in base 13?
-b6
What is 16 (base 13) in base 2?
10011
Convert 13 (base 14) to base 3.
122
-2e (base 15) to base 2
-101100
-5 (base 15) to base 7
-5
Convert -10102 (base 4) to base 10.
-274
Convert 20 (base 5) to base 4.
22
What is -3 (base 11) in base 6?
-3
-46 (base 10) to base 11
-42
-8 (base